95623?
False
Is 10209 a multiple of 123?
True
Is 323 a factor of 96055?
False
Is 19 a factor of 168992?
False
Is 615460 a multiple of 78?
False
Does 18 divide 20918?
False
Is 4295584 a multiple of 16?
True
Is 15015 a multiple of 77?
True
Is 121 a factor of 241913?
False
Is 319 a factor of 1241229?
True
Is 125988 a multiple of 408?
False
Is 15 a factor of 58080?
True
Is 162092 a multiple of 160?
False
Is 5242770 a multiple of 10?
True
Is 142 a factor of 2659789?
False
Is 28656 a multiple of 199?
True
Is 91 a factor of 28844?
False
Is 94 a factor of 442552?
True
Is 477954 a multiple of 334?
True
Is 87782 a multiple of 134?
False
Is 12 a factor of 334801?
False
Is 1450540 a multiple of 20?
True
Is 18 a factor of 11685589?
False
Does 401 divide 273883?
True
Is 74400 a multiple of 48?
True
Does 7 divide 69846?
True
Is 3386462 a multiple of 244?
False
Does 278 divide 714738?
True
Does 2 divide 727914?
True
Does 87 divide 86278?
False
Is 101 a factor of 276700?
False
Is 151 a factor of 295207?
False
Is 3338312 a multiple of 46?
True
Is 237912 a multiple of 138?
True
Does 15 divide 24255?
True
Does 668 divide 2266524?
True
Does 176 divide 97328?
True
Is 273 a factor of 43953?
True
Does 417 divide 8515217?
False
Does 264 divide 429920?
False
Does 297 divide 887079?
False
Does 46 divide 2006424?
False
Is 137511 a multiple of 27?
True
Does 19 divide 4856742?
True
Is 29301 even?
False
Does 192 divide 797912?
False
Does 5 divide 49345?
True
Is 7 a factor of 1961?
False
Is 75 a factor of 6381155?
False
Is 237084 a multiple of 96?
False
Is 181 a factor of 12699583?
False
Is 89463 a multiple of 1428?
False
Is 677675 a multiple of 406?
False
Is 9428940 a multiple of 27?
True
Does 556 divide 4952522?
False
Does 9 divide 1082674?
False
Is 8 a factor of 47704?
True
Is 5 a factor of 465211?
False
Does 18 divide 6632388?
True
Is 74787 a multiple of 257?
True
Does 91 divide 8929937?
False
Does 603 divide 961182?
True
Is 12 a factor of 37151005?
False
Does 51 divide 473395?
False
Is 687665 a multiple of 29?
False
Is 67950 a multiple of 225?
True
Is 49578 a multiple of 27?
False
Is 2069456 a multiple of 76?
False
Does 39 divide 540660?
False
Is 429516 a multiple of 291?
True
Does 14 divide 7728?
True
Is 604 a factor of 32012?
True
Is 1815022 a multiple of 3?
False
Is 61 a factor of 3633526?
True
Is 2663998 a multiple of 14?
False
Is 137 a factor of 257423?
True
Is 16735446 a multiple of 663?
True
Is 6873968 a multiple of 155?
False
Does 102 divide 21930?
True
Is 16 a factor of 5919607?
False
Is 175 a factor of 315875?
True
Is 176064 a multiple of 180?
False
Is 4895046 a multiple of 342?
True
Is 224841 a multiple of 503?
True
Does 19 divide 513950?
True
Does 35 divide 2159849?
False
Is 35 a factor of 31185?
True
Does 10 divide 1204?
False
Is 19 a factor of 2651260?
True
Does 872 divide 1699528?
True
Is 10 a factor of 9403180?
True
Does 11 divide 84172?
True
Is 17 a factor of 2230519?
True
Does 560 divide 986580?
False
Is 26 a factor of 361247?
False
Is 30890 a multiple of 29?
False
Is 8 a factor of 232579?
False
Is 493 a factor of 2107506?
False
Does 12 divide 64625?
False
Is 6 a factor of 35712?
True
Does 189 divide 370251?
True
Is 65 a factor of 288925?
True
Does 153 divide 88138?
False
Does 11 divide 2518186?
True
Does 18 divide 303840?
True
Does 645 divide 365355?
False
Is 21 a factor of 1815217?
False
Is 648172 a multiple of 26?
False
Is 23 a factor of 79810?
True
Is 43 a factor of 1483359?
False
Is 8 a factor of 1666384?
True
Is 948412 a multiple of 157?
False
Is 649 a factor of 619506?
False
Is 4 a factor of 54700?
True
Is 3134880 a multiple of 56?
True
Does 12 divide 502680?
True
Is 58 a factor of 9525514?
True
Is 172528 a multiple of 526?
True
Is 6 a factor of 324234?
True
Is 1497253 a multiple of 772?
False
Does 154 divide 52668?
True
Is 15 a factor of 3967575?
True
Is 8 a factor of 5920?
True
Is 14 a factor of 548381?
False
Does 91 divide 5563657?
False
Is 139 a factor of 57685?
True
Is 432 a factor of 2471381?
False
Does 15 divide 419666?
False
Is 7186568 a multiple of 149?
True
Does 34 divide 164642?
False
Is 120330 a multiple of 21?
True
Is 95 a factor of 41283?
False
Is 192960 a multiple of 134?
True
Does 271 divide 636773?
False
Is 104 a factor of 290680?
True
Does 30 divide 126077?
False
Is 181 a factor of 7203257?
True
Does 408 divide 821304?
True
Is 237 a factor of 251359?
False
Is 437183 a multiple of 5?
False
Is 52 a factor of 325468?
True
Does 229 divide 260831?
True
Is 113820 a multiple of 105?
True
Is 430 a factor of 1610780?
True
Is 69 a factor of 429934?
False
Does 23 divide 5187?
False
Does 23 divide 563868?
True
Is 882747 a multiple of 18?
False
Is 772561 a multiple of 15?
False
Does 11 divide 166881?
True
Is 6518836 a multiple of 1582?
False
Does 588 divide 3548580?
True
Is 64962 a multiple of 149?
False
Is 198883 a multiple of 32?
False
Is 113157 a multiple of 152?
False
Is 89061 a multiple of 11?
False
Does 211 divide 11462153?
True
Does 5 divide 1776318?
False
Is 42496 a multiple of 8?
True
Is 7 a factor of 95046?
True
Is 27 a factor of 14796?
True
Is 108 a factor of 1268568?
True
Is 327492 a multiple of 22?
True
Is 562572 a multiple of 18?
True
Is 5730 a multiple of 3?
True
Is 61 a factor of 1687016?
True
Is 908 a factor of 626968?
False
Does 37 divide 3587709?
False
Is 7 a factor of 660044?
True
Does 279 divide 581525?
False
Does 8 divide 32344?
True
Is 91560 a multiple of 168?
True
Is 83 a factor of 2923703?
False
Is 110854 a multiple of 9?
False
Is 12 a factor of 5622289?
False
Is 54 a factor of 731975?
False
Is 17 a factor of 2242073?
False
Is 13 a factor of 78182?
True
Does 178 divide 21004?
True
Does 2 divide 85582?
True
Is 136 a factor of 59000?
False
Is 23 a factor of 805437?
True
Is 113 a factor of 69947?
True
Is 9 a factor of 152660?
False
Is 90 a factor of 792638?
False
Is 79712 a multiple of 16?
True
Is 28 a factor of 494032?
True
Is 1127763 a multiple of 1547?
True
Does 91 divide 71890?
True
Does 27 divide 86648?
False
Is 9 a factor of 121418?
False
Is 48 a factor of 3172032?
True
Is 16 a factor of 13586736?
True
Does 276 divide 70499?
False
Is 255 a factor of 190659?
False
Is 181 a factor of 137198?
True
Is 368 a factor of 978376?
False
Is 159 a factor of 24986?
False
Does 26 divide 1028753?
False
Is 44737 a multiple of 123?
False
Is 2307808 a multiple of 82?
True
Is 90449 a multiple of 20?
False
Is 702 a factor of 574236?
True
Is 128992 a multiple of 113?
False
Is 4095071 a multiple of 771?
False
Does 188 divide 343664?
True
Is 15 a factor of 145134?
False
Is 340076 a multiple of 131?
True
Is 962019 a multiple of 16?
False
Is 45 a factor of 274309?
False
Is 1818240 a multiple of 40?
True
Is 25 a factor of 7644385?
False
Is 411 a factor of 48444?
False
Does 60 divide 196661?
False
Does 8 divide 48696?
True
Does 51 divide 122035?
False
Is 611 a factor of 5666414?
True
Is 4673214 a multiple of 54?
True
Does 2 divide 20108?
True
Does 76 divide 5139424?
True
Is 387 a factor of 162969?
False
Does 70 divide 98000?
True
Is 4950 a multiple of 23?
False
Is 659 a factor of 24129104?
False
Is 88410 a multiple of 46?
False
Is 44 a factor of 14921192?
True
Is 15 a factor of 145110?
True
Is 839192 a multiple of 76?
True
Does 239 divide 6338180?
False
Is 122 a factor of 2658071?
False
Is 81 a factor of 42735?
False
Is 29 a factor of 928087?
True
Is 3091846 a multiple of 20?
False
Is 1602104 a multiple of 67?
True
Is 3972421 a multiple of 11?
False
Does 418 divide 20611697?
False
Does 303 divide 58908?
False
Is 7 a factor of 25710?
False
Is 169 a factor of 224242?
False
Is 159 a factor of 311958?
True
Does 604 divide 569538?
False
Is 378718 a multiple of 14?
False
Does 59 divide 911847?
False
Is 100173 a multiple of 4?
False
Is 74 a factor of 52236?
False
Does 37 divide 1184473?
False
Does 9 divide 8753337?
True
Is 24 a factor of 991418?
False
Is 437432 a multiple of 103?
False
Is 310 a factor of 1663150?
True
Is 306000 a multiple of 125?
True
Is 15757 a multiple of 12?
False
Is 5 a factor of 52580?
True
Is 83424 a multiple of 48?
True
Is 13 a factor of 743994?
False
Is 48 a factor of 330912?
True
Is 181 a factor of 1994230?
False
Is 298 a factor of 921416?
True
Is 15 a factor of 157318?
False
Is 976001 a multiple of 3?
False
Is 6 a 